?
2
Let g = 4 + -1. Suppose 0*q - 17 = -g*y - 4*q, -7 = -3*y + q. What are the prime factors of (-228)/(-10) - y/(-15)?
23
Suppose -4*n = 5*p - 25, 3*p - 2*p = 5. Suppose n = -5*f + f. List the prime factors of 6 + 7 + 1 + f.
2, 7
Suppose 0*m + 2*m = -c + 2180, -c + 3270 = 3*m. What are the prime factors of m?
2, 5, 109
Let x(f) be the third derivative of f**5/60 - f**4/6 - f**3/3 - 5*f**2. Let k be x(4). Let s(u) = 2*u**2 + u + 2. List the prime factors of s(k).
2
Let w = -15 + 18. Let l = -1 + w. Suppose -72 = -l*c + 2*i - 5*i, 12 = -3*i. What are the prime factors of c?
2, 3, 7
What are the prime factors of (616 - -9)/((-2)/(-4))?
2, 5
Suppose 0*q = -2*q + 2. Let y be ((-4)/6)/(q/(-3)). Suppose 0 = -4*j - 5*d + 32, -2*d = y*j + j - 24. What are the prime factors of j?
2
Suppose c + 5 = 3. What are the prime factors of ((-45)/18)/(c/52)?
5, 13
Let h = -58 - -55. List the prime factors of (-1210)/(-40) + h/(-4).
31
Let u(n) = 3*n**2 + 24*n + 110. List the prime factors of u(-18).
2, 5, 13
Suppose 812 = b - t + 156, -3*b + 5*t + 1978 = 0. What are the prime factors of b?
3, 7, 31
Let y(o) = 10*o + 13. Let l be y(-6). Let q = l - -102. What are the prime factors of q?
5, 11
Suppose 5*b = 183 + 57. Let u = b + -24. List the prime factors of u.
2, 3
Suppose q - 1755 = -7*g + 4*g, 2*g + 4*q - 1170 = 0. List the prime factors of g.
3, 5, 13
Suppose -11*z + 14*z = -408. Let u = 72 - z. What are the prime factors of u?
2, 13
Suppose 47*a + 10595 = 118836. What are the prime factors of a?
7, 47
Suppose 2*m + 5*k = 1391, 879 - 4365 = -5*m - 4*k. What are the prime factors of m?
2, 349
Suppose 0*p + p = 1. Let f be p/(10/4 - 2). Suppose d = f*q + 17, -3*q = -5*d - 2*q + 103. What are the prime factors of d?
3, 7
Suppose -4*f - 16 = -3*z, -4*f - 17 = z - 1. Suppose z = 2*k - 5*k. Suppose 4*s = -2*i + 100 + 28, k = 4*i. What are the prime factors of s?
2
What are the prime factors of 1 - (21/(-14))/((-3)/(-968))?
5, 97
List the prime factors of 8 + (-3274)/(-7) + 6/21.
2, 7, 17
Suppose 12*u - 6 = 6*u. Let h be 0/(4 - (u + -1)). Suppose h = -x + 4*x - 3*m - 180, -3*x = -5*m - 176. What are the prime factors of x?
2, 31
Let d = -61 - -2069. What are the prime factors of d?
2, 251
Suppose 0 = -4*s + 15 + 49. Let v be (12/s)/(3/12). Let j = v + 16. What are the prime factors of j?
19
Let y(l) = 13*l**3 - l**2 + 2*l + 9. List the prime factors of y(3).
3, 7, 17
Suppose -8*w + 2210 = 586. What are the prime factors of w?
7, 29
Let u be -2 + 4 + -4 - -38. Let s = 38 - u. What are the prime factors of (s - 119)*(-5)/15?
3, 13
Suppose -a = -5*w + 21485, a = 13*w - 12*w - 4301. What are the prime factors of w?
2, 3, 179
Suppose j - 4*i = 5*j - 20, j = -3*i + 1. Let q(t) = -3*t**2 + 5*t. Let l be q(j). Let p = -36 - l. List the prime factors of p.
2, 19
Suppose 0 = -2*j - j + 30. Suppose 11*l = 6*l + j. Suppose 31 = l*k - 51. What are the prime factors of k?
41
Let j = 1228 - 794. What are the prime factors of j?
2, 7, 31
Suppose -2*r + 441 = 3*g, 476 = 2*r - 25*g + 21*g. What are the prime factors of r?
2, 3, 19
Let o(j) = 3*j**3 - 3*j**2 - 5. Let n be o(-4). Let i = 465 + n. List the prime factors of i.
2, 5, 11
Suppose -92 = 3*m - 683. Suppose 3*u - 390 = 5*n, 3*u + 5*n - 223 - m = 0. What are the prime factors of u?
3, 5
Let f(w) = -8*w**3 - 2*w - 3. Let j be f(-1). Suppose -j*d + 619 = -102. What are the prime factors of d?
103
Suppose -k = 4*t - 12, -4*k = -2*k + 2*t - 18. Let r be 0 + -3 - k/(-2). List the prime factors of 6/9*(34 - r).
2, 11
Suppose -2*l - 628 = -196. List the prime factors of ((-38)/6)/(1302/l + 6).
2, 3, 19
Suppose 2*p = -2*u + 4888, -4*u - 9792 = -p - 3*p. List the prime factors of p.
2, 1223
Let a(r) = -r**3 - 14*r**2 - r + 17. Let c(z) = z**3 + 13*z**2 + 2*z - 17. Let u(l) = 2*a(l) + 3*c(l). List the prime factors of u(-10).
43
Suppose 1527 = 3*j + 4*f, -4*j - 2*f = 3*f - 2035. List the prime factors of j.
5, 101
Let f(j) = 3*j**2 + 9*j + 3. Let n be f(-6). Suppose 33*c - 42*c + 45 = 0. Suppose -5*k + 0*k - 4*b = -169, -c*b = -k + n. What are the prime factors of k?
37
Let n = 2067 + 8. List the prime factors of n.
5, 83
Let g(q) = -q**2 - 44*q - 87. List the prime factors of g(-33).
2, 3, 23
Suppose 6*d + 5 = -13. Let a = d + 23. What are the prime factors of -15*(a/(-6) - -1)?
5, 7
Suppose -3*y - 3*z = -3, -2*z - 14 = -5*y + 2*z. Let l be ((-35)/21)/(y/(-36)). What are the prime factors of l/(5/((-15)/(-6)))?
3, 5
Let v = 2092 - 1598. What are the prime factors of v?
2, 13, 19
Suppose 5*g + 6 = 8*g. Let b(o) = o**3 - o**2 + 2*o. Let t be b(g). What are the prime factors of 134/t - (-19)/76?
17
Let a = -1076 + 1115. What are the prime factors of a?
3, 13
Suppose 0*v + 2*v = -t + 1269, 3819 = 3*t + 3*v. List the prime factors of t.
1277
Let m(g) = -71*g - 46. List the prime factors of m(-10).
2, 83
Suppose 0 = -5*r - 2*t + 2, 3*r + 2*t + 6 = -t. Suppose -p + r = -0*p. Suppose -4*h = 4*o - 9*h - 67, -p*o + 36 = -2*h. What are the prime factors of o?
23
Let n(u) = -u**3 + 10*u**2 + 4*u - 4. Let v = -24 + 34. Let j be n(v). Suppose 2*y - 5*s - 196 = -2*y, 2*s = -y + j. What are the prime factors of y?
2, 11
Let n(k) = -k - 1. Let p be n(18). What are the prime factors of (-13)/13 - p*4?
3, 5
Suppose 2*l = 5*l - 3*y - 192, -2*y - 326 = -5*l. Let v = 138 - l. List the prime factors of v.
2, 3
Let x = -3 - -33. What are the prime factors of (90/(-25))/((-4)/x)?
3
Suppose 146 = 20*n + 46. Let l = 4 + 3. Suppose -n*v + l = -283. List the prime factors of v.
2, 29
Suppose 5*h = -2*l - 17 + 3, 0 = -5*l - 5*h - 5. Suppose -p - 330 = -l*a, 5*a - p - 2*p = 550. List the prime factors of a.
2, 5, 11
Suppose 0 = -4*a + 4*r, -2*a + 2*r = r - 1. List the prime factors of (a - 0)*(29 - 3).
2, 13
Suppose 0 = -4*u - 11*u + 255. Suppose 0 = 3*x + u - 23. List the prime factors of x.
2
Let g(t) = 24*t + 85. What are the prime factors of g(14)?
421
Let o = 58 - 53. Suppose -181 = o*l - 906. List the prime factors of l.
5, 29
Suppose 0 = -45*l + 2847 - 417. What are the prime factors of l?
2, 3
Suppose 5*t + 4*z + 750 = 0, -5*t - 272 = -3*t - 4*z. List the prime factors of t*(4 - (-9)/(-2)).
73
What are the prime factors of 3 - 36/10 - 57132/(-45)?
3, 47
Suppose -2*t + 2*k = -12, -15 = 4*k - 7. Suppose 33 = -t*x + 289. List the prime factors of x.
2
Let g(q) = 12*q**3 - 20*q + 57. What are the prime factors of g(7)?
37, 109
List the prime factors of 866 - (-2)/(5 + (-66)/12).
2, 431
Suppose -4*h = 3*a - 62, 0 = -0*a + 3*a - 4*h - 94. What are the prime factors of a?
2, 13
Let t = 76 - 22. Let h = 22 + t. List the prime factors of h.
2, 19
Let z be 8*6/60*(1 + 4). Let k(g) = 4*g**3 - 4*g**2 - 4*g + 5. List the prime factors of k(z).
181
Suppose -3*t = 3*j - 72, -j - 6*t + t = -16. What are the prime factors of 4/3*2067/j?
2, 53
Suppose -4*n - 4 = 0, -n + 3*n = -5*h - 2. Let w(p) = p**2 - 2. Let u be w(h). List the prime factors of (30/(-40))/(u/40).
3, 5
Suppose 4 = 7*y - 3*y. Let c(q) = 95*q**3 - 5*q + 5. List the prime factors of c(y).
5, 19
Let i(g) = -g**2 - 2*g + 38. Let m be (30/5)/3 - 2. List the prime factors of i(m).
2, 19
Let b = -178 - -305. Suppose 3 = 2*x - b. What are the prime factors of x?
5, 13
Suppose 3*k - 235 - 37 = -2*l, -3*k = 0. Suppose 4*g + 64 = 2*d, 0*g = -3*d - 4*g + l. What are the prime factors of d?
2, 5
Suppose 3*b + 5*z - 1344 = 2*z, -1348 = -3*b + z. List the prime factors of b.
449
Let w = 3077 - 1270. What are the prime factors of w?
13, 139
Suppose 2*y + 2*g + 28 = -0*y, 5*g = -25. Let a(j) = j**2 + 12*j + 21. Let k be a(y). Let i(o) = -6*o + 10. List the prime factors of i(k).
2, 23
Let n(c) = 5*c + 4. Let v(o) = -1. Let m(x) = -n(x) - 3*v(x). Let r be m(-1). Suppose 0 = -3*d - 9, -4*d + r = -2*l - 8*d. What are the prime factors of l?
2
Suppose -4 = t, -2*c + 4*t = 3*c - 46. Let b = c - -23. List the prime factors of b.
29
Suppose u = 5*f + 2, 0*f - u = -3*f. Let s be (-85)/(-15) + f/(-3). Let z(a) = 3*a - 3. What are the prime factors of z(s)?
3, 5
Suppose 2*f - 4*x = 12, 0 = 3*f + 2*f + 3*x - 4. Suppose 3*r = -f*d + 20, -3*r = -d - 7*r. What are the prime factors of d?
2
Suppose 4*z = -0*z - 16. What are the prime factors of (640/(-4) - 2)*z/6?
2, 3
Let u be 3 - -1 - (-1144)/4. Suppose 0 = 3*t + 2*t - u. List the pri